t(8).
-246
Let i(r) = -428*r + 1216. What is i(3)?
-68
Let f(a) = a**2 + 949*a - 3807. Determine f(4).
5
Let z(k) = 1306*k - 35264. Give z(27).
-2
Let h(n) = n**3 - 16*n**2 - 284*n + 4539. What is h(16)?
-5
Let f(o) = -2*o**2 + 3*o + 98. What is f(7)?
21
Let i(p) = p**2 + 196*p + 2719. Give i(-15).
4
Let v(c) = -2*c**3 + 14*c**2 - 2*c - 51. Determine v(6).
9
Let k(x) = 96*x - 2873. What is k(30)?
7
Let m(s) = -2*s**3 - 259*s**2 + 136*s + 774. Determine m(-130).
-6
Let i(u) = -u**3 - 31*u**2 - 207*u + 255. What is i(-20)?
-5
Let g(h) = -h**2 - 35*h + 11. Determine g(4).
-145
Let x(j) = -3*j**3 - 21*j**2 - 39*j - 148. Give x(-6).
-22
Let k(m) = m - 85. What is k(42)?
-43
Let o(n) = n**3 + 20*n**2 - 73*n - 1451. Calculate o(-20).
9
Let c(v) = 25*v**2 - 550*v + 5. Give c(22).
5
Let p(z) = 2*z**2 - 13*z - 25. Calculate p(13).
144
Let h(c) = 2694*c + 26954. Give h(-10).
14
Let f(n) = -146*n + 1018. Calculate f(7).
-4
Let v(g) = -316*g + 4393. Calculate v(14).
-31
Let x(r) = 24*r**3 - 2*r**2 + 12*r - 11. What is x(1)?
23
Let o(l) = -l**3 - 17*l**2 + 4*l + 41. Give o(-17).
-27
Let l(m) = m**3 - 2*m**2 + 16*m - 25. Give l(5).
130
Let o(z) = -217*z - 3406. Calculate o(-16).
66
Let u(a) = -a**3 + 45*a**2 - 38*a - 269. What is u(44)?
-5
Let x(v) = -98*v**2 - 110*v + 3. What is x(-4)?
-1125
Let j(p) = 57*p + 967. What is j(-17)?
-2
Let u(n) = -n**2 + 47*n + 1075. Give u(-17).
-13
Let p(h) = 38*h**2 - 77*h - 9. What is p(2)?
-11
Let x(q) = q**2 - 25*q - 130. Calculate x(-8).
134
Let y(z) = z**2 - 40*z - 1090. What is y(59)?
31
Let s(b) = b**3 + b**2 + 22*b + 6. Calculate s(0).
6
Let f(r) = 2111*r - 71782. What is f(34)?
-8
Let h(n) = n**3 + 42*n**2 + 2*n - 21. Calculate h(-42).
-105
Let q(g) = 47*g**2 - 7385*g + 948. What is q(157)?
6
Let i(c) = 23*c**2 + 221*c + 116. Calculate i(-9).
-10
Let j(b) = -132*b - 565. Give j(-4).
-37
Let w(k) = -3764*k - 63992. Give w(-17).
-4
Let q(s) = -6*s + 142. Give q(14).
58
Let p(c) = c**3 - 55*c**2 + 349*c + 22. Calculate p(8).
-194
Let o(z) = 8*z**2 - 267*z + 344. Determine o(32).
-8
Let a(z) = 48*z + 584. Determine a(-13).
-40
Let z(x) = -x**3 + 10*x**2 + 2*x - 35. Determine z(10).
-15
Let w(d) = -4*d**3 - 12*d**2 - 18*d - 5. What is w(-2)?
15
Let m(o) = 149*o - 1322. Give m(7).
-279
Let x(g) = 14*g**2 + 73*g - 73. Calculate x(1).
14
Let j(t) = 2*t**2 - 9*t - 30. Give j(6).
-12
Let m(b) = b**2 + 34*b - 7. Give m(-6).
-175
Let k(v) = 6*v**2 - 65*v - 16. What is k(11)?
-5
Let y(a) = 550*a - 24759. Give y(45).
-9
Let j(i) = i**2 - 1231*i - 14908. Give j(-12).
8
Let a(k) = 18*k**2 + 4*k. Give a(-2).
64
Let o(h) = -27*h + 1445. Calculate o(48).
149
Let u(s) = -2*s**3 + 3*s**2 + 37*s + 61. Determine u(-7).
635
Let u(f) = f**3 + 6*f - 165. What is u(0)?
-165
Let d(n) = 2*n**3 + 88*n**2 + 366*n + 1835. Give d(-40).
-5
Let j(t) = 6*t - 190. Calculate j(26).
-34
Let h(q) = -q**2 + 161*q + 15570. Calculate h(229).
-2
Let c(f) = 5*f**3 + 9*f**2 - 9*f - 8. Give c(3).
181
Let z(u) = u**3 + 15*u**2 - 35*u + 30. What is z(-18)?
-312
Let w(g) = 2*g**2 - 37*g + 91. Determine w(3).
-2
Let m(z) = -1889*z - 30221. Calculate m(-16).
3
Let m(h) = -422*h - 3. What is m(0)?
-3
Let k(m) = -164*m + 3439. Give k(21).
-5
Let u(c) = 80*c - 870. What is u(11)?
10
Let o(v) = 21*v**2 - 1324*v + 87. Determine o(63).
24
Let v(r) = 2*r**3 - 17*r**2 + 12*r + 9. Calculate v(6).
-99
Let s(q) = -42*q + 15. Determine s(-3).
141
Let d(q) = -q**2 + 87*q - 1781. Give d(33).
1
Let n(a) = -a**2 - 151*a + 1091. What is n(7)?
-15
Let b(m) = -3433*m - 3456. What is b(-1)?
-23
Let s(y) = -1995*y - 9953. What is s(-5)?
22
Let y(n) = 2*n**2 - 104*n + 112. What is y(51)?
10
Let s(v) = -253*v + 2430. Give s(9).
153
Let s(w) = -5*w**2 - 35*w + 63. Give s(-13).
-327
Let n(t) = -107*t + 15840. Determine n(148).
4
Let o(q) = 6*q**3 - 35*q**2 - 9*q + 9. Determine o(6).
-9
Let c(d) = -7*d**2 + 86*d + 69. What is c(13)?
4
Let x(t) = t**3 - 5*t**2 - t - 22. Determine x(0).
-22
Let c(l) = 3*l**2 - 30*l + 160. Calculate c(11).
193
Let h(x) = -32*x**2 - 70*x - 4. Calculate h(-2).
8
Let h(l) = l**3 - 7*l**2 - 39*l + 179. What is h(4)?
-25
Let l(h) = -3886*h + 31090. What is l(8)?
2
Let t(g) = 37*g**2 - 490*g + 71. Calculate t(13).
-46
Let b(y) = 10*y**2 + 12*y + 133. Calculate b(-4).
245
Let t(i) = i**3 + 23*i**2 + 76*i - 2. Determine t(-19).
-2
Let q(o) = -10*o - 12. Determine q(-25).
238
Let i(l) = -2*l**2 - 148*l - 1928. What is i(-57)?
10
Let s(a) = 2*a**3 - 2*a**2 - 39*a + 10. Give s(7).
325
Let s(q) = 3*q**3 + 3*q**2 + 117*q - 417. Determine s(3).
42
Let w(s) = -8*s**3 + 6*s**2 + 16*s + 22. Calculate w(5).
-748
Let p(m) = 24*m + 110. Determine p(-7).
-58
Let d(z) = -z**3 - 99*z**2 - 2414*z + 716. Determine d(-45).
-4
Let d(q) = -539*q - 7693. Give d(-14).
-147
Let r(c) = 11*c**2 - 58*c - 32. What is r(6)?
16
Let z(x) = 203*x - 5717. Calculate z(28).
-33
Let g(u) = 10*u + 754. Give g(-15).
604
Let k(f) = 4*f**2 - 18*f + 54. Calculate k(5).
64
Let o(j) = -j**3 + 11*j**2 + 13*j + 6. What is o(12)?
18
Let v(c) = 17*c**3 + 41*c**2 - 36*c - 5. Determine v(1).
17
Let a(q) = -395*q + 12635. What is a(32)?
-5
Let p(l) = -l**3 - 13*l**2 - 26*l + 40. Calculate p(-10).
0
Let g(w) = -28*w - 120. Give g(-5).
20
Let t(j) = 28*j + 194. What is t(-7)?
-2
Let t(k) = 67*k + 5018. What is t(-75)?
-7
Let n(y) = y**3 - 52*y**2 - 411*y - 110. Calculate n(59).
8
Let i(h) = -23*h**3 - 229*h**2 - 100. Give i(-10).
0
Let d(i) = 2*i**3 - 84*i**2 + 42*i - 1787. Give d(42).
-23
Let u(q) = -4*q**3 + 262*q**2 + 124*q + 533. Calculate u(66).
5
Let o(v) = -9*v**2 - 3*v - 17. What is o(-4)?
-149
Let q(o) = o**3 + 11*o**2 - 39*o - 187. Calculate q(-13).
-18
Let i(o) = 60*o**3 + o**2 + 8*o + 10. Calculate i(-1).
-57
Let x(w) = 618*w - 3089. Calculate x(5).
1
Let h(q) = q**3 - 14*q**2 - 19*q - 5. Calculate h(-1).
-1
Let x(d) = -d**2 + 23*d + 919. What is x(44)?
-5
Let g(b) = -2*b**3 + 26*b**2 - 20*b - 2. Determine g(13).
-262
Let h(b) = 36*b**2 + 52*b - 49. Determine h(-2).
-9
Let z(q) = 72*q - 828. Calculate z(10).
-108
Let x(l) = -11*l**2 - 396*l + 31. Calculate x(-36).
31
Let i(t) = t**3 + 17*t**2 + 17*t + 33. Calculate i(-14).
383
Let w(d) = -d**2 - 43*d + 291. Determine w(6).
-3
Let l(q) = 14*q**3 - 3*q - 1. Give l(-2).
-107
Let v(o) = -o**2 - 5*o + 66. Calculate v(-9).
30
Let d(b) = -b**3 - 12*b**2 - 29*b - 109. What is d(-5)?
-139
Let o(w) = 15*w**2 + 252*w + 964. Give o(-11).
7
Let m(d) = 4*d**3 + 13*d**2 - 14*d - 15. Calculate m(-4).
-7
Let l(t) = 5*t**2 - 16*t + 47. Calculate l(3).
44
Let l(k) = 38*k - 1095. Calculate l(29).
7
Let w(u) = -3*u**2 + 33*u - 193. Determine w(9).
-139
Let z(q) = -254*q + 51. What is z(2)?
-457
Let m(c) = -50*c + 3592. Determine m(73).
-58
Let m(q) = -q**2 - 83*q - 1008. Give m(-13).
-98
Let k(r) = -30*r**2 + 375*r + 51. Determine k(13).
-144
Let w(g) = -g**3 - 100*g**2 - 8*g - 912. Give w(-100).
-112
Let t(f) = 5086*f - 111890. Determine t(22).
2
Let u(r) = r**2 + 26*r + 76. Give u(-23).
7
Let v(k) = -5*k**2 + 691*k - 4591. What is v(7)?
1
Let v(o) = -o**2 - 152*o - 2183. Give v(-136).
-7
Let y(p) = -2*p**3 + 3*p**2 + 42*p + 14. Give y(-5).
129
Let o(j) = j**3 + 112*j**2 + 218*j - 223. Give o(-110).
-3
Let y(l) = l**2 - 56*l + 142. What is y(53)?
-17
Let b(o) = -o**3 - 12*o**2 - 8*o - 16. What is b(-12)?
80
Let m(i) = -25*i - 497. Calculate m(-21).
28
Let c(h) = -201*h + 8018. Determine c(40).
-22
Let q(o) = -37*o - 2513. Determine q(-68).
3
Let v(k) = k**2 - 71*k + 208. Calculate v(68).
4
Let n(z) = -2*z**2 - 14*z - 23. What is n(-7)?
-23
Let q(k) = -26*k - 414. Calculate q(-16).
2
Let u(n) = n - 51. Calculate u(10).
-41
Let m(q) = -3*q**2 + 233*q - 836. Calculate m(74).
-22
Let x(i) = i**2 - 262*i + 4177. Give x(17).
12
Let p(a) = -7*a**3 + 24*a + 26. Determine p(-1).
9
Let z(s) = s**3 - 57*s**2 - 45*s - 922. What is z(58)?
-168
Let d(s) = -32*s - 25. Calculate d(-21).
647
Let y(x) = -x**2 - 22*x - 154. What is y(-14)?
-42
Let h(v) = -93*v - 3365. Give h(-37).
76
Let n(b) = -32*b**2 + 3*b - 10. Calculate n(2).
-132
Let k(q) = 563*q - 8398. What is k(15)?
47
Let m(s) = 16*s + 1344. Determine m(-83).
16
Let g(p) = 123*p + 943. Calculate g(-8).
-41
Let n(g) = -306*g + 522. What is n(3)?
-396
Let g(h) = h**2 + 122*h + 3708. Determine g(-59).
-9
Let s(a) = -2*a**3 + 9*a**2 -